 = -l**3 - 12*l**2 - 2*l - 17. Determine h(-12).
7
Let d(p) = p**3 + 23*p**2 + 27*p + 106. What is d(-22)?
-4
Let g(o) = 2*o**2 - 2*o - 8. Give g(3).
4
Let z(a) = -14*a + 3. Give z(2).
-25
Let v(o) = o**3 + 8*o**2 + 13*o - 5. What is v(-5)?
5
Let s(x) = 2*x - 11. Determine s(10).
9
Let z(d) = -d**2 + 7*d - 3. Give z(3).
9
Let w(m) = -2*m**2 + 8*m - 7. Give w(3).
-1
Let j(k) = -k**3 - 16*k**2 - 14*k + 22. What is j(-15)?
7
Let j(m) = m**3 - 19*m**2 + 10*m + 16. Determine j(18).
-128
Let j(f) = 7*f - 4. What is j(-2)?
-18
Let j(x) = x**2 + 2*x + 2. Give j(-3).
5
Let r(u) = -u - 11. Give r(-7).
-4
Let d(t) = -t - 6. Determine d(-7).
1
Let r(l) = l**3 + 5*l**2 - 17*l - 53. Determine r(-7).
-32
Let j(d) = -3*d**2 - 4*d. What is j(-4)?
-32
Let p(n) = 9*n + 33. Calculate p(-17).
-120
Let w(n) = n**2 - 9*n - 10. Calculate w(11).
12
Let h(g) = 2*g**2 + 24*g + 7. Give h(-11).
-15
Let q(x) = -48*x**3 + 2*x**2 - 2*x + 1. Calculate q(1).
-47
Let q(o) = 2*o - 1. What is q(4)?
7
Let s(q) = -2*q**2 - 7*q + 6. Determine s(-11).
-159
Let v(s) = -8*s + 99. Determine v(12).
3
Let j(y) = 12*y - 21. Calculate j(6).
51
Let t(c) = 3*c - 6. Give t(9).
21
Let b(n) = -n - 4. Calculate b(4).
-8
Let v(q) = -q**3 + 11*q**2 + 15*q - 28. What is v(12)?
8
Let g(z) = 2*z**2 - 2*z + 1. Calculate g(-2).
13
Let c(h) = -h**2 + 30*h - 182. Determine c(8).
-6
Let d(u) = -36*u**3 + 1. Calculate d(-1).
37
Let m(g) = -g**3 - 30*g**2 - 57*g - 26. Give m(-28).
2
Let k(b) = 2*b**2 - 13*b + 34. What is k(3)?
13
Let i(m) = -m - 80. Give i(0).
-80
Let o(y) = y**3 - 43*y**2 - 3*y + 130. Determine o(43).
1
Let k(w) = -4*w + 12. Determine k(7).
-16
Let a(o) = -3*o**2 - 17*o + 3. What is a(-6)?
-3
Let c(m) = -m**3 - 5*m**2 + 6*m. Give c(-6).
0
Let z(x) = -2*x**3 - 7*x**2 + 19. Give z(-4).
35
Let u(j) = j - 23. Calculate u(9).
-14
Let g(f) = f**2 + 16*f - 153. Calculate g(-24).
39
Let i(x) = x**3 + 5*x**2 + 3*x + 3. Give i(-3).
12
Let u(b) = b**3 - 20*b**2 - 20*b - 20. Calculate u(21).
1
Let d(p) = -p**2 - 9*p - 26. Calculate d(-6).
-8
Let r(i) = -55*i**2 + 108*i + 2. What is r(2)?
-2
Let o(v) = 4*v**2 - 2*v - 1. Calculate o(2).
11
Let c(v) = -2*v**2 - 4*v + 67. Determine c(6).
-29
Let q(v) = -v**3 + v**2 - v + 40. Calculate q(0).
40
Let p(i) = i**3 + 4*i**2 - i. Determine p(-2).
10
Let q(w) = -2*w**2 - 54*w - 322. What is q(-9)?
2
Let m(a) = -4*a**2 - 5*a - 3. Calculate m(-3).
-24
Let w(v) = v**3 - 6*v**2 - v + 1. Calculate w(7).
43
Let n(s) = s + 32. Give n(-7).
25
Let m(s) = -s**3 + 6*s**2 + 3. Determine m(5).
28
Let y(q) = -q**3 + q**2 + 2*q + 8. Determine y(0).
8
Let b(j) = -j**3 - 24*j**2 - 43*j + 18. Calculate b(-22).
-4
Let k(f) = -16*f - 1. Give k(4).
-65
Let x(j) = -7*j + 51. Determine x(8).
-5
Let u(i) = 3*i + 38. Determine u(36).
146
Let x(d) = 29*d + 139. Give x(-5).
-6
Let c(l) = -2*l**3 - l**2 + 3*l + 3. Calculate c(0).
3
Let g(l) = 42*l - 369. Determine g(9).
9
Let j(s) = s**2 + 12*s + 33. Give j(-4).
1
Let i(c) = -51*c - 51. Calculate i(-1).
0
Let b(x) = -4*x + 115. What is b(0)?
115
Let b(p) = -p**3 - 8*p**2 - 6*p - 11. Give b(-7).
-18
Let k(r) = -3*r**2 - 22*r - 10. Determine k(-6).
14
Let f(s) = 2*s**2 + 5*s - 4. Calculate f(1).
3
Let l(t) = t**2 + 13*t + 7. What is l(-12)?
-5
Let r(i) = -15*i + 12. What is r(-2)?
42
Let v(r) = r**3 - 3*r**2 - r - 9. Calculate v(0).
-9
Let q(j) = j**3 + 38*j**2 + 39*j + 50. Give q(-37).
-24
Let k(y) = 8*y + 11. Calculate k(5).
51
Let n(a) = a**3 - 6*a**2 - 3*a + 2. Calculate n(7).
30
Let b(y) = 15*y + 80. Calculate b(-5).
5
Let a(v) = -v**3 - 8*v**2 - v - 10. What is a(-8)?
-2
Let l(u) = -u**3 + 3*u**2 - 2*u + 3. Give l(2).
3
Let j(z) = z**3 - 15*z**2 - 20*z + 33. Calculate j(16).
-31
Let n(d) = 4*d**2 + 14*d - 9. Determine n(-4).
-1
Let u(k) = 3*k**2 - k - 7. What is u(-2)?
7
Let z(h) = h**3 - 6*h**2 - 9*h - 1. Calculate z(7).
-15
Let n(t) = 2*t - 9. Determine n(4).
-1
Let f(r) = -9*r**3 - 3*r**2. Give f(-2).
60
Let n(d) = -2*d**2 - 8*d + 3. Determine n(-7).
-39
Let o(v) = -v**3 - 6*v**2 - 9*v - 22. Calculate o(-5).
-2
Let v(w) = -14*w + 125. Determine v(9).
-1
Let u(a) = -13*a**3 + 3*a**2 + 6*a - 10. Give u(1).
-14
Let v(n) = 8*n + 216. Give v(-27).
0
Let x(t) = -58*t + 872. Give x(15).
2
Let f(k) = -k**3 + 12*k**2 - k + 19. What is f(12)?
7
Let p(q) = -10*q - 1. Calculate p(-7).
69
Let l(p) = p**3 + 4*p**2 - 7. Give l(-4).
-7
Let x(r) = r**3 + 8*r**2 + 3*r - 23. Calculate x(-7).
5
Let m(f) = -4*f + 79. What is m(14)?
23
Let s(k) = -12*k**2 - 2*k + 2. Calculate s(1).
-12
Let k(i) = 6*i**2 - 1. Determine k(1).
5
Let v(b) = -b**3 + 17*b**2 - 15*b + 1. What is v(16)?
17
Let w(t) = -t**2 + 3*t - 7. What is w(-5)?
-47
Let z(i) = 11*i + 97. Determine z(-9).
-2
Let y(p) = 2*p**2 + 8*p - 9. What is y(-4)?
-9
Let w(v) = -3*v + 16. Calculate w(7).
-5
Let s(g) = 4*g + 25. Determine s(0).
25
Let r(u) = -15*u**2 + 3*u + 1. Determine r(-2).
-65
Let i(g) = 6*g**2 + 2*g - 3. Determine i(1).
5
Let l(w) = -16*w + 89. Determine l(9).
-55
Let x(g) = 24*g + 211. Calculate x(-10).
-29
Let n(i) = -i**2 + 7*i + 8. Give n(7).
8
Let k(w) = 12*w + 167. Give k(-12).
23
Let m(s) = -s**3 - 10*s**2 - 7*s - 9. What is m(-10)?
61
Let u(t) = t**3 + 14*t**2 + 14*t - 1. Give u(-13).
-14
Let l(m) = 6*m + 265. Give l(-47).
-17
Let h(w) = -w**3 - 25*w**2 - 63*w + 60. What is h(-22)?
-6
Let w(d) = d**3 + 2*d**2 - 3*d + 8. Calculate w(-4).
-12
Let h(d) = -d**3 + 19*d**2 + 20*d - 2. What is h(20)?
-2
Let c(n) = -2*n - 53. Give c(9).
-71
Let v(q) = 7*q - 30. What is v(5)?
5
Let m(i) = -i**3 - 6*i**2 - 5*i + 7. Calculate m(-4).
-5
Let l(n) = -n**3 - 6*n**2 - 3*n + 1. Calculate l(-2).
-9
Let c(i) = 17*i - 3. Calculate c(3).
48
Let g(i) = 7*i - 60. Give g(18).
66
Let h(x) = -x - 10. Give h(0).
-10
Let p(a) = 3*a - 7. Calculate p(1).
-4
Let v(z) = -z**3 - z**2 + 5. Give v(0).
5
Let o(b) = b**3 + 10*b**2 + 4*b - 51. Calculate o(-9).
-6
Let o(k) = k**3 + 42*k**2 - 42*k + 33. What is o(-43)?
-10
Let a(x) = -49*x - 44. Calculate a(-1).
5
Let k(z) = z**3 - 6*z**2 - 8*z - 10. Calculate k(7).
-17
Let n(w) = 13*w + 1. Calculate n(2).
27
Let k(m) = -m**3 - 64*m**2 + m + 56. Calculate k(-64).
-8
Let n(c) = -121*c + 731. Give n(6).
5
Let q(j) = -2*j + 8. What is q(7)?
-6
Let y(t) = t**3 - t**2 - 2*t - 178. Calculate y(0).
-178
Let h(v) = 3*v**2 - v + 2. Calculate h(-2).
16
Let n(g) = -g**2 - 6*g - 2. Determine n(-8).
-18
Let o(c) = 3*c**2 + c - 10. Calculate o(0).
-10
Let w(o) = -o**3 - 2*o - 1. Calculate w(-2).
11
Let n(y) = -2*y**2 - 2*y + 83. Calculate n(9).
-97
Let t(h) = 3*h**2 + 6*h - 99. Determine t(-7).
6
Let u(t) = t**2 + 28*t + 134. Calculate u(-22).
2
Let p(x) = x. Calculate p(-13).
-13
Let g(s) = 2*s + 25. Determine g(-17).
-9
Let g(u) = -30*u**2 + 14*u - 2. What is g(1)?
-18
Let t(l) = l**2 + 12*l + 8. Determine t(-6).
-28
Let h(z) = -z**2 + 10*z + 20. Calculate h(13).
-19
Let k(z) = -4*z. Calculate k(-5).
20
Let n(r) = -61*r**2 - 3*r - 4. Give n(-1).
-62
Let s(z) = 6*z - 3. Give s(-5).
-33
Let p(x) = -2*x**3 + 4*x**2 - 7*x + 3. Give p(3).
-36
Let q(k) = -k**2 - 5*k - 8. Calculate q(-4).
-4
Let b(p) = 4*p + 27. Calculate b(-9).
-9
Let m(z) = 12*z + 4. Determine m(2).
28
Let d(v) = -v**2 + 3*v. Give d(6).
-18
Let n(y) = y**3 - 25*y**2 + y - 24. What is n(25)?
1
Let h(y) = y**3 - 11*y**2 + 25*y + 6. Determine h(7).
-15
Let f(j) = 19*j + 1. Calculate f(2).
39
Let b(g) = g**3 + 48*g**2 + 54*g + 328. Determine b(-47).
-1
Let h(a) = a**2 - 8*a + 9. Determine h(4).
-7
Let w(p) = p + 1. Determine w(-7).
-6
Let c(p) = p**2 + 2*p - 8. Give c(-8).
40
Let c(s) = s**2 + 28*s - 386. Give c(-38).
-6
Let s(r) = r**3 + 2*r**2 - 5*r + 5. Calculate s(3).
35
Let m(c) = -c**2 - 7*c + 1. What is m(-7)?
1
Let y(f) = -f + 28. Calculate y(-7).
35
Let s(y) = -9*y - 31. Determine s(-3).
-4
Let c(q) = -q**3 - 12*q**2 - 2*q - 35. Determine c(-12).
-11
Let b(v) = -19*v + 111. What is b(5)?
16
Let c(x) = x + 30. Determine c(-6).
24
Let n(x) = x**2 + x - 7. Calculate n(8).
65
Let m(n) = -10*n - 14. Determine m(-5).
36
Let d(a) = a**2 + 4*a - 34. Give d(-8).
-2
Let d(w) = -w**3 - 5*w**2 + 15*w + 16. Determine d(-7).
9
Let s(n) = -n**2 - 15. Calculate s(0).
-15
Let k(x) = -4*x**3 - 2*x**2 - 5*x - 4. Calculate k(-3).
101
Let u(t) = t**3 + 11*t**2 + 14*t - 10. Determine u(-9).
26
Let s(r) = 11*r + 581. Calculate s(-